 37.
33
What is the remainder when 54636 is divided by 59?
2
What is the remainder when 8566 is divided by 28?
26
Calculate the remainder when 131557 is divided by 26.
23
What is the remainder when 193850 is divided by 137?
132
Calculate the remainder when 54256 is divided by 136.
128
What is the remainder when 66743 is divided by 27?
26
Calculate the remainder when 80802 is divided by 91.
85
Calculate the remainder when 3240 is divided by 1062.
54
Calculate the remainder when 234835 is divided by 234827.
8
What is the remainder when 32189 is divided by 732?
713
What is the remainder when 3454 is divided by 1705?
44
What is the remainder when 4649 is divided by 2246?
157
What is the remainder when 1264869 is divided by 5?
4
What is the remainder when 61917 is divided by 30923?
71
Calculate the remainder when 36926 is divided by 39.
32
What is the remainder when 1841 is divided by 462?
455
Calculate the remainder when 2413 is divided by 595.
33
What is the remainder when 6762 is divided by 377?
353
Calculate the remainder when 15313 is divided by 5067.
112
Calculate the remainder when 3130 is divided by 1269.
592
Calculate the remainder when 929099 is divided by 58.
55
Calculate the remainder when 24362 is divided by 246.
8
Calculate the remainder when 2901 is divided by 220.
41
What is the remainder when 5296 is divided by 108?
4
What is the remainder when 4310 is divided by 49?
47
Calculate the remainder when 9036 is divided by 116.
104
Calculate the remainder when 61892 is divided by 737.
721
What is the remainder when 53044 is divided by 689?
680
What is the remainder when 874 is divided by 437?
0
Calculate the remainder when 136834 is divided by 363.
346
What is the remainder when 3678 is divided by 20?
18
What is the remainder when 4007 is divided by 1229?
320
What is the remainder when 637868 is divided by 353?
350
Calculate the remainder when 1048 is divided by 259.
12
Calculate the remainder when 174262 is divided by 201.
196
What is the remainder when 1738716 is divided by 1917?
1914
What is the remainder when 750574 is divided by 152?
150
What is the remainder when 1556 is divided by 35?
16
What is the remainder when 18318 is divided by 2368?
1742
What is the remainder when 13339 is divided by 1112?
1107
What is the remainder when 1897 is divided by 172?
5
Calculate the remainder when 185740 is divided by 12.
4
What is the remainder when 189623 is divided by 63200?
23
What is the remainder when 1829353 is divided by 260?
253
Calculate the remainder when 76235 is divided by 55.
5
What is the remainder when 3687 is divided by 300?
87
What is the remainder when 28280 is divided by 1601?
1063
Calculate the remainder when 6635 is divided by 621.
425
Calculate the remainder when 28141 is divided by 8.
5
What is the remainder when 17460 is divided by 647?
638
What is the remainder when 10768 is divided by 154?
142
What is the remainder when 1627 is divided by 478?
193
Calculate the remainder when 16741 is divided by 478.
11
Calculate the remainder when 92641 is divided by 211.
12
What is the remainder when 3020 is divided by 181?
124
What is the remainder when 3414 is divided by 49?
33
Calculate the remainder when 22352 is divided by 70.
22
Calculate the remainder when 243255 is divided by 40542.
3
Calculate the remainder when 4504 is divided by 73.
51
What is the remainder when 18333 is divided by 2271?
165
Calculate the remainder when 46203 is divided by 79.
67
Calculate the remainder when 4033 is divided by 631.
247
Calculate the remainder when 2024 is divided by 19.
10
What is the remainder when 9388 is divided by 1552?
76
Calculate the remainder when 39001 is divided by 145.
141
What is the remainder when 9912 is divided by 4838?
236
Calculate the remainder when 543013 is divided by 15.
13
Calculate the remainder when 10424 is divided by 348.
332
Calculate the remainder when 25176 is divided by 56.
32
Calculate the remainder when 24087 is divided by 31.
0
What is the remainder when 9215 is divided by 25?
15
Calculate the remainder when 1203 is divided by 400.
3
What is the remainder when 1881 is divided by 1526?
355
Calculate the remainder when 1313 is divided by 1313.
0
Calculate the remainder when 15809 is divided by 15799.
10
Calculate the remainder when 4780 is divided by 1872.
1036
What is the remainder when 2213 is divided by 161?
120
Calculate the remainder when 16991 is divided by 42.
23
Calculate the remainder when 5007 is divided by 82.
5
What is the remainder when 22872 is divided by 4531?
217
What is the remainder when 38891 is divided by 1235?
606
Calculate the remainder when 20574 is divided by 164.
74
Calculate the remainder when 71670 is divided by 248.
246
What is the remainder when 374715 is divided by 92?
91
What is the remainder when 78100 is divided by 941?
938
What is the remainder when 7490 is divided by 1047?
161
What is the remainder when 18614 is divided by 3716?
34
Calculate the remainder when 7512 is divided by 94.
86
Calculate the remainder when 2151 is divided by 1908.
243
Calculate the remainder when 31242 is divided by 30.
12
Calculate the remainder when 22213 is divided by 138.
133
Calculate the remainder when 33320 is divided by 23.
16
What is the remainder when 4068 is divided by 84?
36
Calculate the remainder when 12944 is divided by 4184.
392
What is the remainder when 97906 is divided by 541?
526
Calculate the remainder when 68199 is divided by 68112.
87
Calculate the remainder when 12716 is divided by 306.
170
What is the remainder when 1573 is divided by 477?
142
What is the remainder when 2244 is divided by 160?
4
What is the remainder when 5424 is divided by 236?
232
What is the remainder when 7274 is divided by 315?
29
Calculate the remainder when 51450 is divided by 12861.
6
Calculate the remainder when 385 is divided by 328.
57
What is the remainder when 118706 is divided by 155?
131
Calculate the remainder when 402242 is divided by 227.
225
Calculate the remainder when 36803 is divided by 1672.
19
What is the remainder when 36417 is divided by 262?
261
What is the remainder when 1658 is divided by 410?
18
Calculate the remainder when 43815 is divided by 2304.
39
What is the remainder when 13328 is divided by 20?
8
Calculate the remainder when 49604 is divided by 16532.
8
Calculate the remainder when 292927 is divided by 194.
181
What is the remainder when 8929 is divided by 1488?
1
Calculate the remainder when 56228 is divided by 33.
29
Calculate the remainder when 6352 is divided by 395.
32
Calculate the remainder when 3608 is divided by 51.
38
What is the remainder when 13262 is divided by 4419?
5
What is the remainder when 3604 is divided by 1397?
810
Calculate the remainder when 182795 is divided by 287.
263
What is the remainder when 43106 is divided by 2729?
2171
Calculate the remainder when 148159 is divided by 531.
10
Calculate the remainder when 3034 is divided by 291.
124
What is the remainder when 171773 is divided by 61?
58
Calculate the remainder when 7594 is divided by 90.
34
What is the remainder when 3217 is divided by 145?
27
Calculate the remainder when 14292 is divided by 15.
12
Calculate the remainder when 127421 is divided by 246.
239
What is the remainder when 18200 is divided by 702?
650
Calculate the remainder when 1086 is divided by 226.
182
Calculate the remainder when 11703 is divided by 52.
3
What is the remainder when 14975 is divided by 87?
11
Calculate the remainder when 1387 is divided by 583.
221
What is the remainder when 12919 is divided by 2125?
169
What is the remainder when 1589 is divided by 37?
35
What is the remainder when 21462 is divided by 795?
792
Calculate the remainder when 4030 is divided by 93.
31
Calculate the remainder when 4207 is divided by 1125.
832
Calculate the remainder when 87438 is divided by 17.
7
What is the remainder when 7073 is divided by 2116?
725
What is the remainder when 161412 is divided by 29?
27
What is the remainder when 99825 is divided by 698?
11
Calculate the remainder when 39919 is divided by 19942.
35
Calculate the remainder when 1319 is divided by 390.
149
Calculate the remainder when 171599 is divided by 2813.
6
Calculate the remainder when 162015 is divided by 488.
487
Calculate the remainder when 257948 is